atest common divisor of r and g.
8
Let x(i) = -6*i - 21. Let q be x(-8). What is the highest common divisor of 3 and q?
3
Suppose 6*v - 473 = -41. What is the highest common divisor of 24 and v?
24
Let l(z) = 21*z + 2. Let w be l(2). Let g be 200/11 + (-8)/w. Calculate the highest common factor of g and 2.
2
Suppose 4*m = -26 + 6. Let q = m - -9. Let h = -7 - -17. Calculate the highest common divisor of h and q.
2
Suppose 3*a + 100 = 8*a. Suppose 0 = -6*k + 5*k + 40. Calculate the greatest common divisor of k and a.
20
Let l be (-3)/(8 - 2)*78. Let y = -26 - l. What is the greatest common divisor of y and 117?
13
Suppose -29*c + 32 = -25*c. What is the greatest common factor of c and 104?
8
Let d = -46 - -52. What is the greatest common factor of 66 and d?
6
Let d = 10 + -7. Suppose -16 = d*c - 7*c. Calculate the highest common divisor of 12 and c.
4
Suppose 0 = -3*b - 647 + 161. Let m = -78 - b. Calculate the highest common divisor of 12 and m.
12
Let m = 11 - 5. Suppose 0*w + 4*w - 216 = 0. What is the greatest common factor of w and m?
6
Let r = 3 + -5. Let q be 48 + (-6)/((-4)/r). Suppose 15*a = 11*a + 20. Calculate the greatest common divisor of a and q.
5
Let p(w) = -w**3 - w**2 - 3*w + 4. Let m be p(-2). What is the greatest common divisor of 252 and m?
14
Let c be (-2 - 0)*(-3 - 2). Let q be (-126)/(-5) + (-3)/15. Calculate the highest common divisor of c and q.
5
Let r be (8/(-100)*-10)/(4/110). Calculate the highest common factor of r and 242.
22
Let u be (0 - -1)*1 - 6. Let c be (2 - 1)/(u - -6). Let d be c/(3/3) + 53. What is the highest common divisor of 18 and d?
18
Let z = 34 - 2. Suppose -5*w + g = -0*g - 160, w - z = g. What is the greatest common factor of w and 8?
8
Let p = 184 + -132. Suppose 4*m + 4*x = 6*x + 46, 3*m - 54 = -5*x. Calculate the greatest common divisor of m and p.
13
Let l(y) = -6*y - 3. Let s be l(7). Let o = -4 - s. Let k = 104 - o. Calculate the highest common factor of k and 9.
9
Let d be 14/6 + (-2)/(-3). Suppose 0 = -5*y - c - d*c + 242, 5*c + 10 = 0. Suppose o - 2*o = -10. Calculate the greatest common factor of y and o.
10
Let s(g) = -3*g**2 - 4*g + 3. Let n be s(-4). Let d be (n - 11)/(-1 + -1). Calculate the highest common divisor of d and 30.
10
Suppose 74 = 2*p + 2*g, -4*p + 3*g = -g - 140. Calculate the greatest common divisor of p and 90.
18
Suppose 2*f + 4*x = 14, -2*f - 2 = -5*x + 2. Calculate the greatest common factor of f and 1.
1
Let y(m) = m**3 + 9*m**2 + 3*m + 2. Let o be y(-6). Calculate the highest common divisor of 23 and o.
23
Let x be (2 + -3)*-4 - 2. Let w be 5*x/((-4)/(-6)). Suppose -2*m + 106 = 16. What is the highest common divisor of m and w?
15
Let r be (-80 - 0)/(-2) - -2. Suppose 0 = -8*n + 12*n - 24. What is the highest common divisor of r and n?
6
Suppose -16*z + 1760 = -6*z. Calculate the greatest common divisor of 16 and z.
16
Suppose 2*f + 22 = 3*f. What is the greatest common divisor of f and 110?
22
Let k be 157/3 + (-20)/15. Let d = 135 - k. Suppose 0 = i + i - 24. Calculate the highest common divisor of i and d.
12
Let c = 420 - 251. Suppose 0 = -5*g + 66 + c. Let x = g - 8. Calculate the greatest common divisor of x and 13.
13
Let x(h) be the second derivative of -h**4/12 - 7*h**3/6 + 3*h. Let t be x(-5). What is the highest common divisor of 10 and t?
10
Let p = 4 - 2. Suppose -12 - 16 = -3*w - 2*z, p*z + 14 = 4*w. Let b be w/(-2) - 186/(-6). What is the highest common divisor of b and 7?
7
Suppose 1 + 14 = 3*k. Suppose 277 + 163 = k*r. Calculate the highest common divisor of 8 and r.
8
Let q be (-2)/(-9) - (-291)/27. Calculate the highest common divisor of 121 and q.
11
Let h = -12 + 27. What is the highest common factor of h and 105?
15
Suppose 2*h - 90 - 190 = 0. What is the greatest common divisor of 14 and h?
14
Let k(a) = a**3 + 3*a**2 - 2*a - 4. Let f be k(-3). Let r(n) = 9*n - 3. Let j be r(f). Calculate the highest common divisor of 60 and j.
15
Let a = -31 - -38. What is the greatest common factor of a and 77?
7
Suppose 3*h = i - 33, -2*i - 7 = 2*h - 33. What is the greatest common divisor of 9 and i?
9
Let p = 28 - 4. Suppose 2*a = 2*v + 4, 2*a - 3*v = 3*a + 6. Let f = 3 + a. Calculate the greatest common factor of f and p.
3
Suppose -12*r = -4*r - 1840. Calculate the highest common divisor of 92 and r.
46
Let m = -6 + 21. Suppose 0 = -2*z - z + m. Suppose 2*q + 3*q + 3*d - 5 = 0, -5*q - 2*d + z = 0. Calculate the greatest common factor of 11 and q.
1
Let x be 2/(-9) + (-58)/(-18). Let o be x*1*2/3. Let t be (o/(-5))/((-2)/280). What is the highest common factor of 14 and t?
14
Let w(c) = 1 - c**2 - c + 32*c**3 - 11*c**3 + 20*c**3. Let o be w(1). Suppose 116*k - 80 = 108*k. Calculate the highest common divisor of o and k.
10
Suppose -4*o = -3*g - 4, 0 = -2*g + 6*g - 5*o + 4. Let j(l) = 24*l**2 + 3*l. Let f be j(g). What is the greatest common divisor of f and 36?
36
Let o(m) = -m - 2. Let u be o(-2). Suppose -2*b = -u*b - 40. Calculate the highest common divisor of b and 180.
20
Let f = 1 - -8. Suppose 5*z + 0*z - 5*r = -5, 3*z + 3*r = f. Calculate the highest common factor of z and 4.
1
Let t be (-34)/(-9) + (-8)/(-36). Suppose 0 = -x - 1, x + 37 = 3*d - 0*x. Calculate the highest common divisor of t and d.
4
Let o be (1/(-2))/((-1)/22). Let h(y) = -y**2 - 12*y. Let w be h(-11). What is the highest common divisor of w and o?
11
Let l = -116 - -201. What is the greatest common divisor of l and 34?
17
Let s(h) = h**2 + h - 2. Let u(o) = -2*o**2 - o + 3. Let x(b) = -5*s(b) - 2*u(b). Let k be x(-3). What is the greatest common factor of 16 and k?
4
Suppose -p + 9 = -3. Suppose 17 + 3 = 5*t. Suppose 0 = 4*y + 4*j - 28, -4*y = -t*j - 76 + 8. What is the highest common factor of y and p?
12
Let x(p) = -6*p - 18. Let b be x(-9). What is the highest common factor of b and 27?
9
Suppose h + 3*s = 85, h + h - 150 = -2*s. Calculate the highest common factor of h and 14.
14
Let p = 142 + -98. Suppose 23 = q - j + 3*j, -2*q - 3*j + p = 0. Let z = q - 8. Calculate the highest common divisor of z and 33.
11
Suppose 2*r - 2 = 0, 5*a - 722 = 2*a + 4*r. Suppose 0 = i + 23 + 11. Let u = 56 + i. What is the greatest common factor of u and a?
22
Let a = 11 + -7. What is the highest common divisor of a and 4?
4
Suppose o = 2*o - 10. Suppose 0 = -2*q - q + 270. What is the greatest common divisor of q and o?
10
Let z(a) = -a**2 + 4*a + 5. Let k be z(6). Let s = 17 + k. Calculate the highest common factor of 20 and s.
10
Suppose 0 = 2*n + 3 - 17. What is the highest common divisor of n and 77?
7
Let f = -24 - -27. Calculate the highest common divisor of 9 and f.
3
Let f be 11 + (-4 - -4) + -1. Let j = 68 - 48. Calculate the greatest common factor of j and f.
10
Let p be 30/9*24/10. Let m be (-5)/20 - (-402)/p. Suppose -c - 1 = 3*i - 29, 4*i - 5*c - m = 0. Calculate the greatest common factor of i and 10.
10
Suppose -5*w - 73 = -5*o - 9*w, 3*o - 2*w - 57 = 0. Suppose 4*q + q - 224 = -4*c, -5*c + 239 = -4*q. What is the highest common factor of o and c?
17
Suppose -l = -5*p + 35, 3*p + 2*p + 4*l = 10. Let o = p + 4. Let b be (-51)/(-12) - (-9)/12. Calculate the greatest common factor of b and o.
5
Let p be (2/5)/((-12)/(-480)). Suppose 2*u = -3*d + 288, u - 144 = 6*d - 2*d. Calculate the greatest common factor of p and u.
16
Let h(z) = -20*z - 2. Let c be h(-4). What is the highest common factor of 52 and c?
26
Let j = -9 + 7. Let f be (-1)/((j/5)/2). What is the highest common factor of f and 25?
5
Let o(q) = -4*q - 1. Let x be o(-1). What is the highest common divisor of x and 33?
3
Suppose -5*q + 2*a - 3*a + 68 = 0, -2*q - 5*a + 41 = 0. Suppose q + 7 = 5*h. Calculate the greatest common divisor of h and 8.
4
Let x = -2 - -5. Suppose x*p + 5*z - 57 = 0, 5*p - 76 = p - 3*z. Let h be 2*(-1)/10 + 666/5. What is the highest common factor of p and h?
19
Let d(b) = 4*b**2 - 2*b - 2. Let i be d(-1). Suppose -i*h - 5 + 145 = 0. What is the greatest common factor of 14 and h?
7
Suppose 0 = 2*f + q - 421, -6*q - 599 = -3*f - q. Calculate the highest common factor of f and 52.
52
Let p = -5 + 9. Suppose -p*s = 2*j - 68, -2*j = 3*j - 20. Calculate the greatest common divisor of 5 and s.
5
Suppose v - 65 = 10. What is the greatest common factor of 15 and v?
15
Suppose 2*y + 3*y = 65.